{"id":203,"date":"2016-03-04T01:32:30","date_gmt":"2016-03-03T23:32:30","guid":{"rendered":"http:\/\/the-home.berlin\/?page_id=203"},"modified":"2026-03-07T09:37:35","modified_gmt":"2026-03-07T07:37:35","slug":"trainer","status":"publish","type":"page","link":"https:\/\/the-home.berlin\/index.php\/trainer\/","title":{"rendered":"Trainer"},"content":{"rendered":"<h3><a href=\"http:\/\/the-home.berlin\/wp-content\/uploads\/2016\/03\/benjamin-meyer-krav-maga-in-berlin-instructor-trainer-lehrer-german-krav-maga-federation.png\"><img loading=\"lazy\" decoding=\"async\" class=\"alignnone wp-image-439 size-full\" src=\"http:\/\/the-home.berlin\/wp-content\/uploads\/2016\/03\/benjamin-meyer-krav-maga-in-berlin-instructor-trainer-lehrer-german-krav-maga-federation.png\" alt=\"\" width=\"440\" height=\"543\" srcset=\"https:\/\/the-home.berlin\/wp-content\/uploads\/2016\/03\/benjamin-meyer-krav-maga-in-berlin-instructor-trainer-lehrer-german-krav-maga-federation.png 440w, https:\/\/the-home.berlin\/wp-content\/uploads\/2016\/03\/benjamin-meyer-krav-maga-in-berlin-instructor-trainer-lehrer-german-krav-maga-federation-243x300.png 243w\" sizes=\"auto, (max-width: 440px) 85vw, 440px\" \/><\/a>Benjamin Meyer<\/h3>\n<ul>\n<li><strong>Krav Maga Civilian und Kids&amp;Teens Instructor (German Krav Maga Federation)<br \/><\/strong><\/li>\n<li><strong>KEYSI by Justo Dieguez D.I.M.A. Instructor General and Kids-Program (<a href=\"https:\/\/keysiworld.com\/\" rel=\"nofollow noopener\" target=\"_blank\">KEYSI World<\/a>)<\/strong><\/li>\n<li><strong>Air-Safe In-Flight Security Instructor (<a href=\"http:\/\/www.protect.expert\/\" rel=\"nofollow noopener\" target=\"_blank\">Protect Israeli Security Solutions<\/a>)<\/strong><\/li>\n<li><strong>Instinct Integrated Israeli Combatives Krav Maga Instructor (Instinct Integrated Israeli Combatives)<\/strong><\/li>\n<li><strong>Krav Maga Instructor Development Course bei Itay Gil (<a href=\"http:\/\/www.protect.expert\/\" rel=\"nofollow noopener\" target=\"_blank\">Protect Israeli Security Solutions<\/a>) <\/strong><\/li>\n<li><strong>Krav Maga Master bei Dr. Itay Gil (<a title=\"Protect College - Dr. Itay Gil\" href=\"https:\/\/www.protect.college\/\" target=\"_blank\" rel=\"noopener noreferrer nofollow\">protect.academy<\/a>)<\/strong><\/li>\n<\/ul>\n<p>Nach einigen Jahren <a href=\"http:\/\/de.wikipedia.org\/wiki\/Wing_Tsun\" target=\"_blank\" rel=\"noopener noreferrer nofollow\">Wing Tsun<\/a> suchte ich nach einem stra\u00dfentauglichen, kompromisslosen und vor allem funktionierenden Notfall-<strong>Selbstverteidigung<\/strong>ssystem.<\/p>\n<p>2006 kam ich durch den Besuch eines Basis-Seminars bei J\u00f6rg Kerschek in Berlin schlie\u00dflich mit <a href=\"http:\/\/de.wikipedia.org\/wiki\/Krav_Maga\" target=\"_blank\" rel=\"noopener noreferrer nofollow\">Krav Maga<\/a> in Kontakt.<\/p>\n<p>Das System und seine Trainingsmethodik \u00fcberzeugten mich von Anfang an so sehr, dass ich seitdem <strong>Krav Maga<\/strong> trainiere und anschlie\u00dfend weitere Seminare bei den israelischen Experten <a href=\"http:\/\/protect.expert\" target=\"_blank\" rel=\"noopener noreferrer nofollow\">Itay Gil (&#8222;The Protector&#8220;)<\/a>, Avi Moyal und Eyal Yanilov besuchte.<\/p>\n<p>2010 lernte ich dann bei einem weiteren Basis-Seminar in Berlin Sejoscha Agiri kennen und schloss mich seiner Krav Maga Federation an.<\/p>\n<p>Danach nahm ich auch an den Seminaren mit <a href=\"http:\/\/nakashkravmaga.com\" target=\"_blank\" rel=\"noopener noreferrer nofollow\">Ran Nakash<\/a>, dem ehemaligen Chef-Ausbilder der IDF, teil.<\/p>\n<p>2012 absolvierte ich unter der Leitung von Sejoscha Agiri die Ausbildung zum Civilian Instructor.<\/p>\n<p>Anfang 2013 machte ich au\u00dferdem noch die Weiterbildung zum Kids&amp;Teens Instructor.<\/p>\n<p>Seit Ende 2013 bin ich <a href=\"http:\/\/www.keysiworld.com\/academy\/ins0097.php\" target=\"_blank\" rel=\"noopener noreferrer nofollow\">Keysi-Instructor<\/a> bei <a href=\"http:\/\/www.keysiworld.com\" target=\"_blank\" rel=\"noopener noreferrer nofollow\">Justo Dieguez (Keysi World)<\/a>.<\/p>\n<p>Im M\u00e4rz 2015 aboslvierte ich dann bei <a href=\"http:\/\/www.protect.expert\/\" rel=\"nofollow noopener\" target=\"_blank\">Itay Gil<\/a> den Kurs zum Protect Air-Safe In-Flight Security Instructor.<\/p>\n<p>Im Mai 2016 organisierte ich den ersten Instinct Instructor Course mit Kfir Itzhaki in Berlin und nahm nat\u00fcrlich auch selbst daran teil.<\/p>\n<p>Im Oktober 2016 bildete ich mich beim <strong><a href=\"http:\/\/www.protect.expert\/\" rel=\"nofollow noopener\" target=\"_blank\">Protect Israeli Security Solutions<\/a><\/strong> Krav Maga Instructor Development Kurs mit Itay Gil weiter.<\/p>\n<p>2020 absolvierte ich das Krav Maga Master-Studium bei Dr. Itay Gil am <a href=\"https:\/\/www.protect.college\" target=\"_blank\" rel=\"noopener noreferrer nofollow\">Protect College<\/a> .<\/p>\n<hr \/>\n<h3><a href=\"http:\/\/the-home.berlin\/wp-content\/uploads\/2016\/03\/sebastian-burkert-krav-maga-in-berlin-instructor-trainer-lehrer.png\"><img loading=\"lazy\" decoding=\"async\" class=\"alignnone size-full wp-image-441\" src=\"http:\/\/the-home.berlin\/wp-content\/uploads\/2016\/03\/sebastian-burkert-krav-maga-in-berlin-instructor-trainer-lehrer.png\" alt=\"\" width=\"423\" height=\"615\" srcset=\"https:\/\/the-home.berlin\/wp-content\/uploads\/2016\/03\/sebastian-burkert-krav-maga-in-berlin-instructor-trainer-lehrer.png 423w, https:\/\/the-home.berlin\/wp-content\/uploads\/2016\/03\/sebastian-burkert-krav-maga-in-berlin-instructor-trainer-lehrer-206x300.png 206w\" sizes=\"auto, (max-width: 423px) 85vw, 423px\" \/><\/a>Sebastian Burkert<\/h3>\n<ul>\n<li><strong>Krav Maga Civilian Instructor (German Krav Maga Federation)<br \/><\/strong><\/li>\n<li><strong>Instinct Integrated Israeli Combatives Krav Maga Instructor (Instinct Integrated Israeli Combatives)<br \/><\/strong><\/li>\n<\/ul>\n<p>Im Jahr 2002 nahm mich ein guter Freund mit zum Boxtraining. Mein Interesse f\u00fcr Kampfsport und Kampfk\u00fcnste war geweckt.<\/p>\n<p>Nach einigen Jahren wechselte ich vom Boxen zum Wing Tzun. \u00dcber Umwege landete ich 2008 beim Muay Thai, was mich bis heute sehr fasziniert.<\/p>\n<p>Auf der Suche nach einem effektiven <strong>Selbstverteidigung<\/strong>ssystem stie\u00df ich 2012 durch eine Dokumentation auf <strong>Krav Maga<\/strong>.<\/p>\n<p>Sofort suchte ich mir einen Verein in meiner N\u00e4he und stie\u00df gl\u00fccklicherweise auf \u201e<a href=\"http:\/\/krav-maga-in-berlin.de\" rel=\"nofollow noopener\" target=\"_blank\">Krav Maga in Berlin<\/a>\u201c. Benjamins Art zu unterrichten sowie die Kompromisslosigkeit und Realit\u00e4tsn\u00e4he des Krav Maga \u00fcberzeugten mich sofort.<\/p>\n<p>Aufgrund dieser \u00dcberzeugung entschied ich mich letzten Endes daf\u00fcr, die Instructor-Ausbildung bei der German Krav Maga Federation zu absolvieren und das Erworbene nun als Trainer weiterzugeben.<\/p>\n<hr \/>\n<h3><a href=\"http:\/\/the-home.berlin\/wp-content\/uploads\/2018\/03\/joachim-goehrmann_krav-maga-in-berlin-instructor-1.png\"><img loading=\"lazy\" decoding=\"async\" class=\"alignnone size-full wp-image-635\" src=\"http:\/\/the-home.berlin\/wp-content\/uploads\/2018\/03\/joachim-goehrmann_krav-maga-in-berlin-instructor-1.png\" alt=\"\" width=\"513\" height=\"506\" srcset=\"https:\/\/the-home.berlin\/wp-content\/uploads\/2018\/03\/joachim-goehrmann_krav-maga-in-berlin-instructor-1.png 513w, https:\/\/the-home.berlin\/wp-content\/uploads\/2018\/03\/joachim-goehrmann_krav-maga-in-berlin-instructor-1-300x296.png 300w\" sizes=\"auto, (max-width: 513px) 85vw, 513px\" \/><\/a>Joachim G\u00f6hrmann<\/h3>\n<ul>\n<li><strong>Ju Jutsu 6. Dan (Fach\u00fcbungsleiterlizenz, Trainer A-Lizenz)<\/strong><\/li>\n<li><strong>Judo 3. Dan<\/strong><\/li>\n<li><strong>Kick-Boxen 1. Dan<\/strong><\/li>\n<li><strong>Krav Maga Instructor<\/strong><\/li>\n<\/ul>\n<p>Im Alter von 12 Jahren habe ich mit Judo angefangen und seit Anfang 1980 zus\u00e4tzlich Karate und Kickboxen trainiert.<\/p>\n<p>Meine Erfahrungen im <strong>Krav Maga<\/strong> machte ich dann Mitte der 1980er Jahre, w\u00e4hrend meiner dreij\u00e4hrigen Wehrdienstzeit bei der IDF (Israel Defense Forces) in Israel. Dabei lernte ich die kompromisslose und einfache aber gleichzeitig h\u00f6chst effektive Art des Kontaktkampfes sehr zu sch\u00e4tzen.<\/p>\n<p>Mein Wissen in unterschiedlichen Kampfsportarten und <strong>Selbstverteidigung<\/strong>ssystemen gebe ich nunmehr seit 1988 erfolgreich im Jugend- und Erwachsenenbereich weiter.<\/p>\n<p>Ich habe sehr, sehr lange in Berlin und Umgebung sehns\u00fcchtig nach vern\u00fcnftigen Krav Maga Schulen gesucht und viele unterschiedliche Trainingsst\u00e4tten ausprobiert. 2016 bin ich bei <a href=\"https:\/\/the-home.berlin\" target=\"_blank\" rel=\"noopener noreferrer\">THE-HOME.BERLIN<\/a> mit Benny endlich f\u00fcndig geworden.<\/p>\n<p>Das Training zeichnet sich stets durch hohe Effektivit\u00e4t bei einfachen und nat\u00fcrlichen Bewegungsabl\u00e4ufen aus. Hier wird realistisch f\u00fcr den Ernstfall auf der Stra\u00dfe trainiert ohne irgendwelche Vorkenntnisse mitbringen zu m\u00fcssen. <a href=\"https:\/\/krav-maga-in-berlin.de\" rel=\"nofollow noopener\" target=\"_blank\">Krav Maga in Berlin<\/a> ist somit wirklich f\u00fcr jeden geeignet.<\/p>\n<p>Joachim unterrichtet Modern Krav Maga und Kickboxen auch beim <a title=\"Modern Krav Maga\" href=\"https:\/\/vfl-lichtenrade.de\/abteilungen\/kampfsport\/modern-krav-maga\/\" target=\"_blank\" rel=\"noopener nofollow\">VfL Lichtenrade<\/a>.<\/p>\n<hr \/>\n<h3><a href=\"http:\/\/the-home.berlin\/wp-content\/uploads\/2018\/03\/joerg-radkowski-protect-krav-maga-instructor.png\"><img loading=\"lazy\" decoding=\"async\" class=\"alignnone size-full wp-image-636\" src=\"http:\/\/the-home.berlin\/wp-content\/uploads\/2018\/03\/joerg-radkowski-protect-krav-maga-instructor.png\" alt=\"\" width=\"552\" height=\"469\" srcset=\"https:\/\/the-home.berlin\/wp-content\/uploads\/2018\/03\/joerg-radkowski-protect-krav-maga-instructor.png 552w, https:\/\/the-home.berlin\/wp-content\/uploads\/2018\/03\/joerg-radkowski-protect-krav-maga-instructor-300x255.png 300w\" sizes=\"auto, (max-width: 552px) 85vw, 552px\" \/><\/a>J\u00f6rg Radkowski<\/h3>\n<ul>\n<li><strong>Krav Maga Instructor (<a href=\"http:\/\/www.protect.expert\/\" rel=\"nofollow noopener\" target=\"_blank\">Protect Israeli Security Solutions<\/a>)<\/strong><\/li>\n<\/ul>\n<p>Als studierter Sportwissenschaftler bewegt mich Sport schon mein Leben lang. Bereits als Jugendlicher wurde mein Interesse f\u00fcr Kampfsportarten geweckt. Hier entschied ich mich f\u00fcr das Shotokan Karate. Welches lange meinen Lebensweg begleitete.<\/p>\n<p>Nach einer Pause vom Kampfsport stie\u00df ich zuf\u00e4llig auf <a href=\"https:\/\/krav-maga-in-berlin.de\" rel=\"nofollow noopener\" target=\"_blank\">Krav Maga in Berlin<\/a>.<\/p>\n<p>Dieses hat mich als <strong>Selbstverteidigung<\/strong>ssystem sofort \u00fcberzeugt. Seine Offenheit, Intensit\u00e4t, Realit\u00e4tsn\u00e4he und Altersunabh\u00e4ngigkeit machen es universell und effektiv und lie\u00dfen mich mit dem<strong> Krav Maga<\/strong> Training beginnen.<\/p>\n<p>Zu meinem Gl\u00fcck fand ich in Benjamin Meyer einen Trainer, der mich durch Kompetenz und Ausstrahlung motivierte zu trainieren und den Entschluss in mir reifen lie\u00df, den Instructor-Kurs bei Itay Gil zu absolvieren.<\/p>\n<hr \/>\n<h3 class=\"entry-title\">Ibrahim Tuffaha<\/h3>\n<p>&#8222;Ibo&#8220; trainiert seit 2014 bei uns und ist seit 2022 Assistant-Instructor @HOME.<\/p>\n<div class=\"entry-content\">\u00a0<\/div>\n<p><strong>Verst\u00e4rkung gesucht! Du bist Selbstverteidigungstrainer oder willst es werden, dann <a href=\"mailto:mail@the-home.berlin\">bewirb Dich als Instructor bei uns.<\/a><\/strong><\/p>\n\n\n<p><a href=\"https:\/\/the-home.berlin\/index.php\/ehemalige-trainer-home\/\">Weitere Trainer<\/a>, die @HOME aktiv waren und ausgebildet wurden.<\/p>\n","protected":false},"excerpt":{"rendered":"<p>Benjamin Meyer Krav Maga Civilian und Kids&amp;Teens Instructor (German Krav Maga Federation) KEYSI by Justo Dieguez D.I.M.A. Instructor General and Kids-Program (KEYSI World) Air-Safe In-Flight Security Instructor (Protect Israeli Security Solutions) Instinct Integrated Israeli Combatives Krav Maga Instructor (Instinct Integrated Israeli Combatives) Krav Maga Instructor Development Course bei Itay Gil (Protect Israeli Security Solutions) Krav &hellip; <a href=\"https:\/\/the-home.berlin\/index.php\/trainer\/\" class=\"more-link\"><span class=\"screen-reader-text\">\u201eTrainer\u201c <\/span>weiterlesen<\/a><\/p>\n","protected":false},"author":1,"featured_media":0,"parent":0,"menu_order":0,"comment_status":"closed","ping_status":"closed","template":"","meta":{"_acf_changed":false,"footnotes":""},"class_list":["post-203","page","type-page","status-publish","hentry"],"acf":[],"_links":{"self":[{"href":"https:\/\/the-home.berlin\/index.php\/wp-json\/wp\/v2\/pages\/203","targetHints":{"allow":["GET"]}}],"collection":[{"href":"https:\/\/the-home.berlin\/index.php\/wp-json\/wp\/v2\/pages"}],"about":[{"href":"https:\/\/the-home.berlin\/index.php\/wp-json\/wp\/v2\/types\/page"}],"author":[{"embeddable":true,"href":"https:\/\/the-home.berlin\/index.php\/wp-json\/wp\/v2\/users\/1"}],"replies":[{"embeddable":true,"href":"https:\/\/the-home.berlin\/index.php\/wp-json\/wp\/v2\/comments?post=203"}],"version-history":[{"count":69,"href":"https:\/\/the-home.berlin\/index.php\/wp-json\/wp\/v2\/pages\/203\/revisions"}],"predecessor-version":[{"id":1591,"href":"https:\/\/the-home.berlin\/index.php\/wp-json\/wp\/v2\/pages\/203\/revisions\/1591"}],"wp:attachment":[{"href":"https:\/\/the-home.berlin\/index.php\/wp-json\/wp\/v2\/media?parent=203"}],"curies":[{"name":"wp","href":"https:\/\/api.w.org\/{rel}","templated":true}]}}